s digit of k?
5
Let i(k) = 6*k**2 + 12*k + 8. Let h(w) = 11*w**2 + 23*w + 17. Let b(s) = 3*h(s) - 5*i(s). What is the tens digit of b(-6)?
6
Suppose 5*k + 2 = 12. Suppose 1 = -k*y + 3*y. What is the units digit of 9 - y - (-1 - -2)?
7
Let t(d) be the second derivative of -d**4/12 + 14*d**2 - 7*d. Let k be 44/(-33) - (-8)/6. What is the tens digit of t(k)?
2
Let g = 200 + 1973. What is the thousands digit of g?
2
Suppose 4*a + b - 5*b = 44, -4*b = 20. What is the tens digit of (-9)/((-189)/a) - (-1074)/14?
7
Suppose -2*v - 4 = 0, -2*v - 6181 + 1089 = -3*d. What is the tens digit of d?
9
Let i(l) be the first derivative of -l**3/3 + 9*l**2/2 - 4*l - 2. Let k(u) = u**2 + u + 2. Let w be k(-3). What is the units digit of i(w)?
4
Suppose -8 = -2*m + 224. What is the units digit of m/2 - 4/4?
7
Let g(l) = -236*l**2 - l - 7. Let f(y) = 354*y**2 + 2*y + 11. Let j(i) = -5*f(i) - 8*g(i). Let m be j(1). Let x = -65 + m. What is the units digit of x?
2
Suppose 3*g = 3*u + 2*g + 18, -5*g - 10 = 5*u. Let b(h) = -6*h - 3 + h**2 - 4*h**2 + 2*h**2. What is the units digit of b(u)?
2
Let y(o) = -o**3 + 10*o**2 + 9*o - 2. Let j be y(8). Let k = -118 + j. What is the tens digit of k?
8
Let o(b) = b - 26. Let x be o(0). Let s = 87 + x. What is the units digit of s?
1
Let t(c) = 130*c**2 + 41*c + 146. What is the thousands digit of t(-4)?
2
Let d(r) = -r**2. Let k(f) = -5*f**2. Let l(z) = -6*d(z) + k(z). Let a(b) = b**3 + 8*b**2 - 8*b + 12. Let j be a(-9). What is the units digit of l(j)?
9
Let f(a) = 164*a - 544. What is the tens digit of f(28)?
4
Suppose 1016 = u + 2*k - 1604, 5*u - 13125 = -5*k. What is the tens digit of u?
3
Let l(a) = -a**2 + 2*a - 1. Let y be l(3). Suppose 3*w - 4*g + 43 = 0, 0*w - 2*w - 5*g - 67 = 0. Let h = y - w. What is the tens digit of h?
1
Suppose 4*p = 5459 - 3259. What is the hundreds digit of p?
5
Suppose 0 = -3*a - 4*u - 665 + 2374, 2*a - 1144 = 2*u. What is the tens digit of a?
7
Let i be 3021/15 + (-2)/5 + 0. Let k = 7 + i. What is the units digit of k?
8
Suppose -12 = 3*z + 15. Let q be -3 - -3 - 0 - z. What is the tens digit of (-117)/(-3)*6/q?
2
Let k(q) = -q - 8. Let j be k(-11). Let b be -4 - 2 - j/(-1). What is the tens digit of ((-1)/(-2))/(b/(-258))?
4
Let u be (3 + 35/(-15))/(1/15). Suppose 13 + 87 = u*x. What is the units digit of x?
0
Let d(y) = 2*y**2 + 53*y - 123. What is the units digit of d(-52)?
9
Let o(y) = y**3 - 6*y**2 - 3*y - 8. Let m be o(7). Let t = m - -105. What is the hundreds digit of t?
1
Suppose -b + 3*o = 42 + 63, -3*b - 355 = -o. What is the units digit of (b/(-21))/((-4)/(-14))?
0
Let y = 691 + -294. What is the units digit of y?
7
What is the hundreds digit of (-1530)/(-8) - (-185)/(-148)?
1
Let c be 348/(-36) - (-2)/3. What is the units digit of (-4)/(-6) - ((-6585)/c)/(-5)?
7
Let i be -2 - (-27)/33 - (-6)/33. What is the tens digit of (-1 + 4 - i) + 31?
3
Let m(s) = 62*s**2 - 2*s + 8. Let p(x) = -3*x + 20. Let r be p(6). What is the tens digit of m(r)?
5
Let i = -4 + 12. Suppose -4*o = 2*p - i, 2*o + 3*p + 8 = o. What is the units digit of o?
4
Suppose 9 = 7*o - 5. Suppose 5*j + 107 = o*w, 0 = -4*w - 3*j - 88 + 237. What is the tens digit of w?
4
Let k be ((-4)/6)/(((-44)/(-24))/(-11)). Suppose -3*u = -k*d + 115, -2*d + 28 = u - 17. What is the tens digit of d?
2
Suppose 0 = 11*c - 35218 - 15822. What is the thousands digit of c?
4
Suppose -2*n - 178 = 2*g, -10*n + 5*n = 4*g + 360. Let v = 85 - g. What is the tens digit of v?
7
Let t be (-20)/10 + (1 - -3). Suppose t*c = -g - 10, -3*c = g + c + 16. What is the tens digit of 42/(g + (-55)/(-10))?
2
Let g(f) = -f**2 + 10*f + 6. Let b be g(10). Suppose 14 - b = d. Let l = 22 - d. What is the tens digit of l?
1
Let n = 1 + 1. Let m(f) = 23*f**n - 2*f + 0*f + 0 - 3 + 2. What is the tens digit of m(-1)?
2
Let k(z) = 2*z**2 - 14*z - 27. Let u(n) = n**2 + 1. Let g(l) = -k(l) + 3*u(l). What is the hundreds digit of g(-21)?
1
Suppose 0 = 2*h + 4*o - 1350, h + 7*o = 3*o + 671. What is the units digit of h?
9
Let q(z) be the second derivative of z**4/2 + 13*z**3/6 + z**2 - 5*z - 7. What is the units digit of q(-6)?
0
Let c(l) = -l**3 - 14*l**2 - 3*l - 18. Let o be c(-14). What is the units digit of (8/o)/(-3*(-1)/306)?
4
Let p(h) = -3*h**2 - 13*h + 10. Let r be p(-5). Suppose -3*f + 3*j + 336 = 0, 2*f - 3*j - 220 = -r*f. What is the units digit of f?
6
Suppose 10*l - 5*g = 6*l + 1555, 0 = 2*l - g - 785. What is the units digit of l?
5
Suppose 2*k - 3792 = -614. What is the units digit of k?
9
Suppose 67*p - 238263 = 24*p. What is the thousands digit of p?
5
Let f(y) = -y**2 + 12*y + 16. Let b be f(13). Suppose 4*h - 63 = b*h. What is the units digit of h?
3
Suppose 0 = -3*f + 612 + 765. Let m = -237 + f. What is the hundreds digit of m?
2
Let u(j) = -j + 2. Let o be u(4). What is the tens digit of o/(-12) + (-485)/(-6)?
8
Let m(l) = -l**2 - 14*l + 8. Let j be m(-13). Let v = -48 + j. What is the tens digit of -4 - (0 + (v - 0))?
2
Let a(k) = -12*k - 14. Let w be a(-2). Suppose 3*v - w*v = -252. What is the units digit of v?
6
Let g(y) = 6*y - 17. Let l be g(-6). Let t = l + 324. What is the units digit of t?
1
Let i = 1748 - 434. What is the thousands digit of i?
1
Let g(i) = -i + 10. Suppose m + 2*m = 3*y - 18, 2*m - 28 = -3*y. What is the units digit of g(y)?
2
Let t(d) = 21*d**2 - 17*d + 9. What is the units digit of t(-9)?
3
Let k(r) = -2*r**3 - 5*r**2 + 4*r + 5. Let o be k(-3). Suppose p - 74 = -o. What is the tens digit of p?
7
Suppose 1 = -2*a - 2*f + 13, 6 = 2*f. Suppose 3*w + 5*l = 931, -2*l + 626 = -a*w + 5*w. What is the units digit of w?
7
Let b(w) = -2*w - 21. Let m be b(-7). Let r(y) be the second derivative of -7*y**3/6 - 3*y. What is the units digit of r(m)?
9
Suppose -2*c + 10 = 0, -2*k + 2*c - 3 - 3 = 0. Let u = 0 - -3. Suppose 5 = -k*d + u*d. What is the units digit of d?
5
Suppose 12 = 4*t, m - 3*t - 97 = 189. What is the tens digit of m?
9
Let p(g) = -154*g**2 + g. Let w be p(1). Let k be w/12*32/12. Let n = 23 - k. What is the units digit of n?
7
Let h = 171 - 45. What is the hundreds digit of h?
1
Let m(l) = 3*l + 10. Let z be m(-6). Let b = z + 12. Let f(w) = 7*w. What is the units digit of f(b)?
8
Suppose x + 879 = 5*x + q, 0 = -2*x + 3*q + 443. Suppose 165 = 3*g - 5*c, -c - 3*c = 4*g - x. What is the tens digit of g?
5
Let g = 5928 - 2008. What is the units digit of g?
0
Let v(z) = -z**3 - 15*z**2 - 6*z + 38. What is the tens digit of v(-16)?
9
Suppose 100 = 5*q - 90. Suppose b + q = -4*r, b + 25 = -r + 2. What is the units digit of 135/b*(-2)/3?
5
Suppose 5*v = 9*v - 44. Suppose 0 = -v*k + 12*k - 27. What is the tens digit of k?
2
Let j(f) = f**2 - 8*f + 1. Let p(u) = 1. Let a(y) = -4*y + 2. Let w be a(2). Let b(c) = w*p(c) - j(c). What is the units digit of b(6)?
5
Suppose 3*f - 2*o - 65 = -o, -4*f + 2*o = -90. Let h(v) = -3*v + v - f - v. What is the tens digit of h(-14)?
2
Let b(i) = 6*i**3 - 24*i**2 + 7*i + 3. What is the tens digit of b(8)?
9
Let r be (-246)/(-4) - 12/8. Suppose 3*w - 123 = r. What is the units digit of w?
1
Suppose -193 = 3*x - 5*m, 3*m - 5 = 1. Let u = x - -122. What is the units digit of u?
1
Suppose -2*y + 2*v + 892 = 0, 0*v + 2245 = 5*y - 2*v. What is the tens digit of y?
5
Let o be (2 - 6) + 1 - -5. Suppose o*u - 6*u = -16. What is the units digit of u?
4
Let w(j) = -5*j + 161. Let d be w(29). Suppose 0*l = -l + 1. Let n = d + l. What is the tens digit of n?
1
Suppose -2*u + 56 = -9*u. What is the units digit of (-87)/(-2)*u/(-6)?
8
Suppose 0 = 4*t + 3*i - 17 - 3, -22 = -3*t - 4*i. Let a be t*(22/4 - 3). Suppose -z + 33 = -a. What is the tens digit of z?
3
Let w(u) = -u + 20. Let z be w(13). Suppose 2*g - z*g = -35. What is the units digit of g?
7
Suppose 0 = -4*s - 21 + 5. Let l = 24 + s. What is the tens digit of l - 4 - 1 - -4?
1
Suppose -3*x + 5*g + 64 = 0, x - 3*x - 3*g + 68 = 0. Let b = -25 + x. Suppose -80 = -0*k - 4*k - b*a, 61 = 3*k + 2*a. What is the tens digit of k?
2
Let o = -180 + 434. Suppose -3*a - 3*g = -115 - o, 3*g = -2*a + 250. What is the hundreds digit of a?
1
Let b = -1830 - -2784. What is the units digit of b?
4
Let v(r) = -6*r**2 + 7*r - 14. Let s be v(3). Let h = s - -123. What is the tens digit of h?
7
Let k be -3 - 0/(2 - 3). What is the units digit of k - -27*4/6?
5
Suppo